)). Calculate the greatest common factor of s and 1547.
17
Let g = 200 + 181. Let z = g + -231. Suppose -7*f + 3*f + 120 = 0. What is the greatest common factor of f and z?
30
Let a be 98/3 - (-1)/3. Suppose 5*x - 190 = 4*x + n, -5*x = -4*n - 953. Let m = x + -94. What is the greatest common factor of a and m?
33
Suppose -162*h + 691 = -281. Calculate the greatest common factor of h and 6582.
6
Let y(r) = 15*r - 39. Let u be y(2). Let c(p) = -p**2 - 34*p - 104. Let v be c(u). Calculate the highest common divisor of v and 55.
11
Suppose -2*y + 103 = -17. Let k = 193 + -193. Suppose k*l - 4*l + y = 0. What is the highest common divisor of 195 and l?
15
Let m(b) = 7*b**2 - 2*b + 6. Let y be m(4). Let l = -1209 - -1253. Calculate the highest common factor of y and l.
22
Let a be 25*(99537/195 - (-34)/221). What is the highest common factor of 69 and a?
69
Let h(f) = f**2 - 2*f - 20. Let r be h(6). Suppose 4*j + 164 = -r*z, -4*j - 111 = -z + 58. Let s = -21 - j. What is the greatest common divisor of 231 and s?
21
Let l = -15955 + 16690. Calculate the greatest common divisor of 525 and l.
105
Let q be 10460*(-21)/(1848/(-55))*3*2. Calculate the highest common factor of 15 and q.
15
Let k(h) = -h**3 - 5*h**2 + 4*h + 6. Let n be k(-6). Suppose -11*y + 24*y - 1728 = 846. What is the greatest common factor of n and y?
18
Suppose 5*d - 2*d - 9 = 0. Let m = d + 14. Let n be m + -2 - (-4 - -5). Calculate the greatest common divisor of 35 and n.
7
Suppose -p = 3*t + 15, -2*p + 90*t = 89*t - 12. Suppose 0 = -d + 6*d - 25. Calculate the greatest common divisor of p and d.
1
Suppose 13*z = 10*z + 9. Let s be -8 + 6 + z + 1. What is the highest common factor of s and 21?
1
Let s be (5796/24)/(4/(-8)). Let u = 13 - s. Calculate the greatest common factor of 31 and u.
31
Suppose -2*c = 6 + 4. Let p(t) = -2*t - 5. Let w be p(c). Let z be 2314/22 + 7076/(-319) + 22. Calculate the highest common divisor of w and z.
5
Let v be ((390/24)/(-5))/((-3)/660). Let t = 826 - v. Calculate the highest common divisor of t and 3.
3
Suppose 0 = -6*i - 989 + 1559. Calculate the greatest common divisor of i and 1273.
19
Let a(f) = -37*f + 9510. Let v be a(-162). Calculate the highest common divisor of 144 and v.
48
Let j(x) = x**2 - 2. Let a be j(3). Let p be (3/(-2))/((-119)/238). Calculate the greatest common divisor of a and p.
1
Let s = 86 - -93. Suppose 2*z = -o + 125, -z + 288 + 337 = 5*o. Let k = s - o. What is the greatest common divisor of k and 6?
6
Suppose 4*n - 3*n = 3*j - 86, -j = 2*n - 17. Suppose -116 = j*l - 28*l. Calculate the greatest common factor of 29 and l.
29
Let r = -187 - -114. Let n be (-2 - r) + (1 - 0). Let g = -57920 - -57929. Calculate the greatest common factor of n and g.
9
Let l = 1593 + -932. Let t = l - 607. What is the greatest common factor of t and 135?
27
Let w be ((-121)/11 - -48) + -13. Calculate the greatest common factor of w and 18.
6
Suppose -q - 2*z = -18, 6*q = 3*q - 3*z + 39. Let k be q/80*5*42/3. Calculate the highest common divisor of k and 35.
7
Let x be 5 + (-23)/5 + 1256/10. Let i = x + -118. Calculate the greatest common factor of i and 28.
4
Suppose -3*s + 1903 = -113. Calculate the greatest common factor of 608 and s.
32
Suppose -26364 = -5641*x + 5628*x. What is the highest common divisor of 3900 and x?
156
Let f be (40 + 5)/((-6)/(-4)). Suppose 3*z + q - 269 = 499, q - 1278 = -5*z. What is the greatest common factor of f and z?
15
Let r be (-276)/10*10/(-4). Let z = -66 + r. Suppose z*l - 8*l = -2*j - 82, -60 = -4*l - 4*j. Calculate the highest common divisor of l and 4.
4
Let q = -19055 + 19187. What is the highest common factor of 376 and q?
4
Let y(f) = -3*f**3 - 33*f**2 + 12*f + 56. Let l be y(-15). What is the highest common factor of 112 and l?
112
Let x(k) = k**3 + 7*k**2 - 25*k - 11. Let n be x(-9). Suppose 47*u - n*u = -845. Calculate the highest common factor of u and 13.
13
Let r(a) = -a**3 + 3*a**2 - 3*a + 13. Let u be r(3). Suppose s + u*s - 2167 = -3*m, 5*m = 3*s + 3657. What is the highest common factor of m and 27?
27
Let w(m) = 76*m - 507. Let l be w(7). Suppose 9*s - 5*s = 40. What is the highest common divisor of l and s?
5
Suppose -4*s - 4*i = -532, -11*i - 125 = -s - 13*i. Calculate the greatest common divisor of 6627 and s.
141
Suppose 5*o = -3*l - 276 + 1011, 3*o + 4*l = 441. Suppose -3*h = -0*h - o. Let d be 2/(2/5) + (0 - -2). What is the greatest common factor of d and h?
7
Let n be ((-14)/49)/(1/(-35)). Suppose 3*b - 74 - 94 = 0. Let t = -26 + b. Calculate the greatest common divisor of t and n.
10
Let t be (-3)/((-3)/35) + -2. Suppose -2*l + 21 = -t. Let q be (-588)/(-15)*5 - 7. Calculate the highest common divisor of q and l.
27
Let a(k) = 16*k**2 + 154*k - 56. Let w be a(-10). Suppose -12 = -2*y - 4. Calculate the greatest common factor of w and y.
4
Suppose -6*r + 11*r + 10 = 0. Let c be ((-1)/r)/(7/(5 - -65)). Suppose -3*p = c*i + p - 338, i - 79 = 3*p. Calculate the greatest common divisor of i and 7.
7
Let k be (2/2)/(1/7). Suppose 4*s + 16 = 0, -o + k = -5*s - 19. Let f(r) = 42*r**2 - 2*r + 2. Let h be f(1). What is the highest common factor of o and h?
6
Suppose -q - 8 = -2*q + 2*n, -17 = -4*q + 5*n. Let m = -23 + q. Let d be (-415)/m - (-6)/(-10). Calculate the highest common factor of d and 24.
8
Let r = -4980 + 5151. Calculate the highest common factor of 189 and r.
9
Let a(p) = -27*p + 138. Let w be a(5). Suppose -2*m - 28 = -2*i, 3*i + w*m - 10 = 2. Calculate the highest common factor of i and 1143.
9
Suppose 5*m = -2*t + 18, -2*t = 6*m - 3*m - 14. Let q = 66 + -38. Let g = q - 26. Calculate the highest common divisor of g and t.
2
Suppose 5*c = 4*t + 1703, -4*t + 670 = -c + 3*c. Suppose c*m = 336*m + 105. Calculate the greatest common divisor of 112 and m.
7
Let a be 35/5 + (2 + -6 - -3). What is the greatest common factor of a and 1599?
3
Suppose -49*m + 57*m - 2688 = 0. Let q(o) = -15*o - 1. Let r be q(-4). Let p = 101 - r. Calculate the greatest common factor of p and m.
42
Let f be -3*(88/(-6))/4. Let m be 0 - (-2 - (4 + -3)). Let t be ((-17)/m + 2)*(-240)/10. What is the greatest common factor of f and t?
11
Suppose 4*w = -29*i + 28*i + 74, -2*i = 2*w - 172. Calculate the greatest common divisor of i and 1314.
18
Suppose 900 = 13*f - f. Suppose 23 = -3*h + 5*h + 5*l, -h = l - 10. Suppose f = h*w - 231. Calculate the highest common factor of w and 102.
34
Suppose -a - 1 = -l, 10 = 3*l - 0*l + 4*a. Suppose 2*v - 1085 = 5*u - 1369, 0 = 4*u - 7*v - 265. Calculate the greatest common factor of u and l.
2
Suppose 3*t = -t + 340. Suppose 2142 = -32*h + 74*h. Calculate the highest common factor of h and t.
17
Suppose -4*u + 0 = -5*s + 1, 5*s + 3*u - 8 = 0. Suppose 223*x + 11 = 224*x. Calculate the highest common factor of s and x.
1
Let r = -16338 + 16361. What is the greatest common factor of 12903 and r?
23
Let t = -124 - 447. Let f be 4/(-22)*t + (-14)/(-77). Calculate the highest common divisor of 39 and f.
13
Let n = -12 - 7. Let x = n - -49. Let p = -45 + 90. Calculate the greatest common divisor of x and p.
15
Let w(g) = -2*g - 1. Let v be w(6). Suppose -c - 20 = s - 2*s, 0 = -2*s - 4*c + 28. Let y = v + s. Calculate the greatest common factor of y and 20.
5
Let y be (-174)/4*(-222)/27*(-510)/(-85). What is the highest common factor of y and 74?
74
Let r be 3 - 4/2 - -4. Suppose -9*x = -5*x - 40. Suppose -r*a = -x*a + 90. What is the highest common divisor of 72 and a?
18
Suppose f + f = 1180. Suppose -2*x - 3*x + 4*t = -748, -4*x = t - f. Suppose -3*s = -x - 8. Calculate the highest common divisor of 26 and s.
26
Suppose 4*c - 5*m + 725 = 0, -8*m + 7*m = c + 188. Let k = 103 - c. Let n = 19 + 13. Calculate the greatest common divisor of n and k.
32
Let o = -630 + 888. Let z be (-5166)/(-15) - 20/50. What is the greatest common factor of z and o?
86
Suppose -5*j + 5*c + 2365 = 0, 12*j + 1895 = 16*j - 3*c. What is the highest common divisor of 1071 and j?
119
Suppose 1610 + 4594 = 12*f. What is the greatest common factor of f and 22?
11
Let u(i) = -581*i**3 - i**2 - i - 6. Let l be u(-2). Suppose -15*h - h = -l. Calculate the greatest common divisor of h and 116.
58
Let z = -21 - -35. Let r be 3/(-2 + z/4). Suppose r*b = 8*b - 162. Calculate the highest common factor of 243